[INFO] cloning repository https://github.com/maksimf/chat
[INFO] running `Command { std: "git" "-c" "credential.helper=" "-c" "credential.helper=/workspace/cargo-home/bin/git-credential-null" "clone" "--bare" "https://github.com/maksimf/chat" "/workspace/cache/git-repos/https%3A%2F%2Fgithub.com%2Fmaksimf%2Fchat", kill_on_drop: false }`
[INFO] [stderr] Cloning into bare repository '/workspace/cache/git-repos/https%3A%2F%2Fgithub.com%2Fmaksimf%2Fchat'...
[INFO] running `Command { std: "git" "rev-parse" "HEAD", kill_on_drop: false }`
[INFO] [stdout] d14ae83dc5cc16939884eed360c875a41c6215c6
[INFO] checking maksimf/chat against try#72f88fc4e9458f89516a0b8b0868f3718aec5b47 for pr-74989
[INFO] running `Command { std: "git" "clone" "/workspace/cache/git-repos/https%3A%2F%2Fgithub.com%2Fmaksimf%2Fchat" "/workspace/builds/worker-13/source", kill_on_drop: false }`
[INFO] [stderr] Cloning into '/workspace/builds/worker-13/source'...
[INFO] [stderr] done.
[INFO] validating manifest of git repo https://github.com/maksimf/chat on toolchain 72f88fc4e9458f89516a0b8b0868f3718aec5b47
[INFO] running `Command { std: "/workspace/cargo-home/bin/cargo" "+72f88fc4e9458f89516a0b8b0868f3718aec5b47" "read-manifest" "--manifest-path" "Cargo.toml", kill_on_drop: false }`
[INFO] started tweaking git repo https://github.com/maksimf/chat
[INFO] finished tweaking git repo https://github.com/maksimf/chat
[INFO] tweaked toml for git repo https://github.com/maksimf/chat written to /workspace/builds/worker-13/source/Cargo.toml
[INFO] crate git repo https://github.com/maksimf/chat already has a lockfile, it will not be regenerated
[INFO] running `Command { std: "/workspace/cargo-home/bin/cargo" "+72f88fc4e9458f89516a0b8b0868f3718aec5b47" "fetch" "--locked" "--manifest-path" "Cargo.toml", kill_on_drop: false }`
[INFO] [stderr]     Updating git repository `https://github.com/carllerche/mio`
[INFO] [stderr]     Updating git repository `https://github.com/carllerche/nix-rust`
[INFO] [stderr] error: the lock file /workspace/builds/worker-13/source/Cargo.lock needs to be updated but --locked was passed to prevent this
[INFO] [stderr] If you want to try to generate the lock file without accessing the network, use the --offline flag.
[INFO] the lockfile is outdated, regenerating it
[INFO] running `Command { std: "/workspace/cargo-home/bin/cargo" "+72f88fc4e9458f89516a0b8b0868f3718aec5b47" "generate-lockfile" "--manifest-path" "Cargo.toml" "-Zno-index-update", kill_on_drop: false }`
[INFO] [stderr]     Updating git repository `https://github.com/carllerche/mio`
[INFO] running `Command { std: "/workspace/cargo-home/bin/cargo" "+72f88fc4e9458f89516a0b8b0868f3718aec5b47" "fetch" "--locked" "--manifest-path" "Cargo.toml", kill_on_drop: false }`
[INFO] [stderr]  Downloading crates ...
[INFO] [stderr]   Downloaded ntapi v0.3.4
[INFO] [stderr]   Downloaded log v0.4.11
[INFO] [stderr]   Downloaded miow v0.3.5
[INFO] [stderr]   Downloaded redox_syscall v0.1.57
[INFO] [stderr]   Downloaded socket2 v0.3.15
[INFO] [stderr]   Downloaded libc v0.2.77
[INFO] [stderr]   Downloaded winapi v0.3.9
[INFO] running `Command { std: "docker" "create" "-v" "/var/lib/crater-agent-workspace/builds/worker-13/target:/opt/rustwide/target:rw,Z" "-v" "/var/lib/crater-agent-workspace/builds/worker-13/source:/opt/rustwide/workdir:ro,Z" "-v" "/var/lib/crater-agent-workspace/cargo-home:/opt/rustwide/cargo-home:ro,Z" "-v" "/var/lib/crater-agent-workspace/rustup-home:/opt/rustwide/rustup-home:ro,Z" "-e" "SOURCE_DIR=/opt/rustwide/workdir" "-e" "CARGO_TARGET_DIR=/opt/rustwide/target" "-e" "CARGO_HOME=/opt/rustwide/cargo-home" "-e" "RUSTUP_HOME=/opt/rustwide/rustup-home" "-w" "/opt/rustwide/workdir" "-m" "1610612736" "--user" "0:0" "--network" "none" "rustops/crates-build-env@sha256:d92eaeed33fa75130ca1ee6c8a01d1ffb62bac859dfdfb3450e3e5d1c0146529" "/opt/rustwide/cargo-home/bin/cargo" "+72f88fc4e9458f89516a0b8b0868f3718aec5b47" "metadata" "--no-deps" "--format-version=1", kill_on_drop: false }`
[INFO] [stdout] 407b27111f8ebd202fb0a72b0837b86571606ef03a2ef2fdd953110e044019a3
[INFO] [stderr] WARNING: Your kernel does not support swap limit capabilities or the cgroup is not mounted. Memory limited without swap.
[INFO] running `Command { std: "docker" "start" "-a" "407b27111f8ebd202fb0a72b0837b86571606ef03a2ef2fdd953110e044019a3", kill_on_drop: false }`
[INFO] running `Command { std: "docker" "inspect" "407b27111f8ebd202fb0a72b0837b86571606ef03a2ef2fdd953110e044019a3", kill_on_drop: false }`
[INFO] running `Command { std: "docker" "rm" "-f" "407b27111f8ebd202fb0a72b0837b86571606ef03a2ef2fdd953110e044019a3", kill_on_drop: false }`
[INFO] [stdout] 407b27111f8ebd202fb0a72b0837b86571606ef03a2ef2fdd953110e044019a3
[INFO] running `Command { std: "docker" "create" "-v" "/var/lib/crater-agent-workspace/builds/worker-13/target:/opt/rustwide/target:rw,Z" "-v" "/var/lib/crater-agent-workspace/builds/worker-13/source:/opt/rustwide/workdir:ro,Z" "-v" "/var/lib/crater-agent-workspace/cargo-home:/opt/rustwide/cargo-home:ro,Z" "-v" "/var/lib/crater-agent-workspace/rustup-home:/opt/rustwide/rustup-home:ro,Z" "-e" "SOURCE_DIR=/opt/rustwide/workdir" "-e" "CARGO_TARGET_DIR=/opt/rustwide/target" "-e" "CARGO_INCREMENTAL=0" "-e" "RUST_BACKTRACE=full" "-e" "RUSTFLAGS=--cap-lints=forbid" "-e" "CARGO_HOME=/opt/rustwide/cargo-home" "-e" "RUSTUP_HOME=/opt/rustwide/rustup-home" "-w" "/opt/rustwide/workdir" "-m" "1610612736" "--user" "0:0" "--network" "none" "rustops/crates-build-env@sha256:d92eaeed33fa75130ca1ee6c8a01d1ffb62bac859dfdfb3450e3e5d1c0146529" "/opt/rustwide/cargo-home/bin/cargo" "+72f88fc4e9458f89516a0b8b0868f3718aec5b47" "check" "--frozen" "--all" "--all-targets" "--message-format=json", kill_on_drop: false }`
[INFO] [stdout] 87a97f6961ad8b177db93f56fa0a313c6288e523f6c637d9c57580b67c6888a6
[INFO] [stderr] WARNING: Your kernel does not support swap limit capabilities or the cgroup is not mounted. Memory limited without swap.
[INFO] running `Command { std: "docker" "start" "-a" "87a97f6961ad8b177db93f56fa0a313c6288e523f6c637d9c57580b67c6888a6", kill_on_drop: false }`
[INFO] [stderr]    Compiling libc v0.2.77
[INFO] [stderr]    Compiling log v0.4.11
[INFO] [stderr]     Checking cfg-if v0.1.10
[INFO] [stderr]     Checking mio v0.7.0 (https://github.com/carllerche/mio#eef8d3b9)
[INFO] [stderr]     Checking chat v0.1.0 (/opt/rustwide/workdir)
[INFO] [stdout] error[E0432]: unresolved import `mio::tcp`
[INFO] [stdout]  --> src/main.rs:3:10
[INFO] [stdout]   |
[INFO] [stdout] 3 | use mio::tcp::*;
[INFO] [stdout]   |          ^^^ could not find `tcp` in `mio`
[INFO] [stdout] 
[INFO] [stdout] 
[INFO] [stdout] error[E0433]: failed to resolve: use of undeclared type or module `EventLoop`
[INFO] [stdout]   --> src/main.rs:14:26
[INFO] [stdout]    |
[INFO] [stdout] 14 |     let mut event_loop = EventLoop::new().unwrap();
[INFO] [stdout]    |                          ^^^^^^^^^ use of undeclared type or module `EventLoop`
[INFO] [stdout] 
[INFO] [stdout] 
[INFO] [stdout] error[E0433]: failed to resolve: use of undeclared type or module `EventSet`
[INFO] [stdout]   --> src/main.rs:24:25
[INFO] [stdout]    |
[INFO] [stdout] 24 |                         EventSet::readable(),
[INFO] [stdout]    |                         ^^^^^^^^ use of undeclared type or module `EventSet`
[INFO] [stdout] 
[INFO] [stdout] 
[INFO] [stdout] error[E0433]: failed to resolve: use of undeclared type or module `PollOpt`
[INFO] [stdout]   --> src/main.rs:25:25
[INFO] [stdout]    |
[INFO] [stdout] 25 |                         PollOpt::edge()).unwrap();
[INFO] [stdout]    |                         ^^^^^^^ use of undeclared type or module `PollOpt`
[INFO] [stdout] 
[INFO] [stdout] 
[INFO] [stdout] error[E0405]: cannot find trait `Handler` in this scope
[INFO] [stdout]  --> src/main.rs:8:6
[INFO] [stdout]   |
[INFO] [stdout] 8 | impl Handler for WebSocketServer {
[INFO] [stdout]   |      ^^^^^^^ not found in this scope
[INFO] [stdout] 
[INFO] [stdout] 
[INFO] [stdout] error[E0433]: failed to resolve: use of undeclared type or module `TcpListener`
[INFO] [stdout]   --> src/main.rs:20:25
[INFO] [stdout]    |
[INFO] [stdout] 20 |     let server_socket = TcpListener::bind(&address).unwrap();
[INFO] [stdout]    |                         ^^^^^^^^^^^ not found in this scope
[INFO] [stdout]    |
[INFO] [stdout] help: consider importing this struct
[INFO] [stdout]    |
[INFO] [stdout] 2  | use std::net::TcpListener;
[INFO] [stdout]    |
[INFO] [stdout] 
[INFO] [stdout] 
[INFO] [stdout] error: aborting due to 6 previous errors
[INFO] [stdout] 
[INFO] [stdout] 
[INFO] [stdout] Some errors have detailed explanations: E0405, E0432, E0433.
[INFO] [stdout] 
[INFO] [stdout] For more information about an error, try `rustc --explain E0405`.
[INFO] [stdout] 
[INFO] [stderr] error: could not compile `chat`.
[INFO] [stderr] 
[INFO] [stderr] To learn more, run the command again with --verbose.
[INFO] [stderr] warning: build failed, waiting for other jobs to finish...
[INFO] [stdout] error[E0432]: unresolved import `mio::tcp`
[INFO] [stdout]  --> src/main.rs:3:10
[INFO] [stdout]   |
[INFO] [stdout] 3 | use mio::tcp::*;
[INFO] [stdout]   |          ^^^ could not find `tcp` in `mio`
[INFO] [stdout] 
[INFO] [stdout] 
[INFO] [stdout] error[E0433]: failed to resolve: use of undeclared type or module `EventLoop`
[INFO] [stdout]   --> src/main.rs:14:26
[INFO] [stdout]    |
[INFO] [stdout] 14 |     let mut event_loop = EventLoop::new().unwrap();
[INFO] [stdout]    |                          ^^^^^^^^^ use of undeclared type or module `EventLoop`
[INFO] [stdout] 
[INFO] [stdout] 
[INFO] [stdout] error[E0433]: failed to resolve: use of undeclared type or module `EventSet`
[INFO] [stdout]   --> src/main.rs:24:25
[INFO] [stdout]    |
[INFO] [stdout] 24 |                         EventSet::readable(),
[INFO] [stdout]    |                         ^^^^^^^^ use of undeclared type or module `EventSet`
[INFO] [stdout] 
[INFO] [stdout] 
[INFO] [stdout] error[E0433]: failed to resolve: use of undeclared type or module `PollOpt`
[INFO] [stdout]   --> src/main.rs:25:25
[INFO] [stdout]    |
[INFO] [stdout] 25 |                         PollOpt::edge()).unwrap();
[INFO] [stdout]    |                         ^^^^^^^ use of undeclared type or module `PollOpt`
[INFO] [stdout] 
[INFO] [stdout] 
[INFO] [stdout] error[E0405]: cannot find trait `Handler` in this scope
[INFO] [stdout]  --> src/main.rs:8:6
[INFO] [stdout]   |
[INFO] [stdout] 8 | impl Handler for WebSocketServer {
[INFO] [stdout]   |      ^^^^^^^ not found in this scope
[INFO] [stdout] 
[INFO] [stdout] 
[INFO] [stdout] error[E0433]: failed to resolve: use of undeclared type or module `TcpListener`
[INFO] [stdout]   --> src/main.rs:20:25
[INFO] [stdout]    |
[INFO] [stdout] 20 |     let server_socket = TcpListener::bind(&address).unwrap();
[INFO] [stdout]    |                         ^^^^^^^^^^^ not found in this scope
[INFO] [stdout]    |
[INFO] [stdout] help: consider importing this struct
[INFO] [stdout]    |
[INFO] [stdout] 2  | use std::net::TcpListener;
[INFO] [stdout]    |
[INFO] [stdout] 
[INFO] [stdout] 
[INFO] [stdout] error: aborting due to 6 previous errors
[INFO] [stdout] 
[INFO] [stdout] 
[INFO] [stdout] Some errors have detailed explanations: E0405, E0432, E0433.
[INFO] [stdout] 
[INFO] [stdout] For more information about an error, try `rustc --explain E0405`.
[INFO] [stdout] 
[INFO] [stderr] error: build failed
[INFO] running `Command { std: "docker" "inspect" "87a97f6961ad8b177db93f56fa0a313c6288e523f6c637d9c57580b67c6888a6", kill_on_drop: false }`
[INFO] running `Command { std: "docker" "rm" "-f" "87a97f6961ad8b177db93f56fa0a313c6288e523f6c637d9c57580b67c6888a6", kill_on_drop: false }`
[INFO] [stdout] 87a97f6961ad8b177db93f56fa0a313c6288e523f6c637d9c57580b67c6888a6
